 - 8*l - 9. What is y(-4)?
7
Let t(b) = -b**2 + 10*b - 11. What is t(5)?
14
Let f(x) = -5*x + 32. Calculate f(9).
-13
Let s(v) = 6*v - 97. What is s(18)?
11
Let v(b) = -43*b**3 + b. Give v(-1).
42
Let x(p) = 5*p - 37. Calculate x(5).
-12
Let u(c) = c**2 - 20*c - 40. Determine u(-2).
4
Let i(w) = 13*w + 72. Calculate i(-6).
-6
Let v(i) = 4*i**2 + i. Calculate v(-2).
14
Let n(w) = -w**3 - 11*w**2 - 9*w + 8. Determine n(-10).
-2
Let n(g) = 59*g - 4. What is n(-1)?
-63
Let k(u) = u**2 - 2*u + 7. Calculate k(5).
22
Let f(t) = t**3 - t**2 + t - 19. Determine f(0).
-19
Let h(j) = -2*j - 6. What is h(8)?
-22
Let q(y) = 16*y**2 + 4*y - 3. Determine q(2).
69
Let a(u) = -u**3 - 4*u**2 + 5. Give a(-5).
30
Let x(u) = -u + 23. What is x(-15)?
38
Let w(t) = -11*t - 232. Give w(-18).
-34
Let c(n) = 16*n + 4. Calculate c(-5).
-76
Let d(u) = 2*u + 24. Determine d(10).
44
Let k(v) = -v**3 - 18*v**2 - 33*v - 20. Give k(-16).
-4
Let i(j) = 7*j**2 - 33*j - 16. Determine i(5).
-6
Let o(c) = -14*c - 427. Calculate o(-30).
-7
Let r(d) = 26*d - 68. Calculate r(2).
-16
Let d(j) = 8*j - 3. Determine d(2).
13
Let j(f) = -7*f - 54. Give j(-8).
2
Let a(v) = -2*v**3 - 9*v**2 + 5*v - 20. What is a(-5)?
-20
Let m(c) = -c**3 + 5*c**2 + 6*c + 6. Calculate m(7).
-50
Let c(d) = -d - 2. What is c(-2)?
0
Let d(w) = -w**2 - 6*w + 3. Determine d(3).
-24
Let s(l) = -l**3 + 7*l**2 - 5*l - 3. Calculate s(6).
3
Let y(l) = -32*l**3. Give y(-1).
32
Let q(w) = 2*w**2 + 3*w - 46. What is q(6)?
44
Let s(c) = 2*c - 14. Give s(11).
8
Let v(m) = -m**2 - 15*m - 24. Give v(-11).
20
Let y(l) = -l**2 + 6*l. What is y(6)?
0
Let f(b) = -71*b + 920. Give f(13).
-3
Let x(g) = 2*g + 1. What is x(-7)?
-13
Let r(o) = 2*o**2 + 10*o - 8. Give r(6).
124
Let b(o) = 14*o + 15. What is b(3)?
57
Let p(i) = 6*i**2 - 3*i - 2. Calculate p(-3).
61
Let m(u) = -u**3 - 2*u**2 + 2*u - 3. Calculate m(0).
-3
Let v(t) = t**3 - 13*t**2 + 23*t + 8. Calculate v(11).
19
Let g(c) = c**3 + 7*c**2 - c + 11. Give g(-6).
53
Let v(j) = 2*j - 13. Give v(13).
13
Let n(d) = -d**2 - 4*d + 37. What is n(-8)?
5
Let i(c) = c**3 + 12*c**2 + 7*c - 5. Calculate i(-11).
39
Let v(c) = -c**3 - 10*c**2 - 11. Calculate v(-10).
-11
Let q(u) = -u**2 - 9*u - 9. Calculate q(-7).
5
Let a(k) = k**3 + 15*k**2 + 11*k - 19. Calculate a(-14).
23
Let b(r) = r**2 - 64*r + 661. Calculate b(51).
-2
Let w(y) = 4*y**3 - 21*y**2 + 2*y - 1. What is w(5)?
-16
Let z(j) = -9*j**2 - 2*j + 1. Give z(1).
-10
Let v(j) = -2*j**3 - j**2 - j - 1. Determine v(-2).
13
Let t(c) = -c + 6. Determine t(-1).
7
Let f(l) = l + 9. Calculate f(10).
19
Let q(w) = -w**3 + 22*w**2 + 25*w - 8. What is q(23)?
38
Let n(y) = -2*y - 3. Give n(-5).
7
Let s(o) = 55*o**2 + 2*o - 1. Give s(1).
56
Let x(y) = -3*y - 1. Calculate x(1).
-4
Let x(k) = 4*k + 154. Give x(-40).
-6
Let f(u) = -u**2 - 17*u - 23. Calculate f(-13).
29
Let w(i) = -i**3 - 7*i**2 - 5*i + 7. What is w(-4)?
-21
Let o(m) = -m**2 + 4*m - 2. Determine o(5).
-7
Let z(i) = -i**3 - 5*i**2 + 32. What is z(-5)?
32
Let t(k) = -k**2 + 45*k - 8. Calculate t(0).
-8
Let w(y) = -y**2 - 23*y + 177. Give w(-29).
3
Let v(m) = m**3 + 7*m**2 + 5*m - 18. Calculate v(-6).
-12
Let y(t) = 4*t - 2. What is y(1)?
2
Let a(r) = -3*r**2 - 9*r - 12. Calculate a(-4).
-24
Let f(j) = -j + 5. Calculate f(12).
-7
Let f(i) = -2*i - 25. Give f(-11).
-3
Let x(k) = -k**3 - 3*k**2 + 2*k + 12. What is x(0)?
12
Let s(o) = o**2 - 23*o + 34. Determine s(23).
34
Let h(i) = i**2 + 7*i - 77. What is h(-13)?
1
Let z(m) = 4*m**3 + 5*m - 6. What is z(1)?
3
Let m(b) = b**2 - 26*b + 154. Calculate m(9).
1
Let l(w) = 4*w - 6. Calculate l(0).
-6
Let k(w) = -w**3 + 31*w**2 + w - 38. Calculate k(31).
-7
Let w(m) = 2*m + 15. Calculate w(-5).
5
Let f(r) = r + 47. Calculate f(0).
47
Let b(x) = x**3 + 8*x**2 - 4*x - 27. Give b(-8).
5
Let u(n) = -45*n + 97. Give u(2).
7
Let j(z) = -26*z - 17. What is j(-1)?
9
Let b(d) = -d**2 + 5*d - 10. What is b(-8)?
-114
Let x(q) = q**2 - 15*q + 1. Calculate x(11).
-43
Let v(d) = d**2 - 18*d - 12. Give v(19).
7
Let j(i) = -7*i - 54. Determine j(-12).
30
Let p(d) = 7*d - 58. Determine p(9).
5
Let v(b) = -4*b - 23. What is v(-7)?
5
Let w(q) = 3*q**3 - q**2 + 4*q - 3. Give w(2).
25
Let o(j) = -14*j + 54. Give o(4).
-2
Let h(g) = 2*g**3 - 1. What is h(1)?
1
Let n(t) = -t**3 + 9*t**2 - 7*t + 56. Determine n(9).
-7
Let k(g) = -g**2 + 13*g - 12. Calculate k(10).
18
Let a(c) = c**2 - 22*c - 16. Give a(23).
7
Let b(r) = r**3 - 3*r**2 - 35*r + 106. Calculate b(3).
1
Let d(o) = 2*o**2 - 5*o - 10. Calculate d(6).
32
Let g(x) = 3*x - 3. Calculate g(3).
6
Let k(f) = f**2 - 5*f + 6. Determine k(6).
12
Let g(x) = x**3 + 10*x**2 - 12*x - 4. Determine g(-11).
7
Let a(j) = -j**2 + 18*j - 11. Calculate a(17).
6
Let s(j) = j**2 + 12*j - 15. What is s(-12)?
-15
Let y(r) = r**2 + 6*r - 3. Calculate y(-6).
-3
Let c(l) = -l + 2. What is c(-1)?
3
Let a(s) = 2*s**3 + 12*s**2 + s - 2. What is a(-6)?
-8
Let z(y) = -20*y - 156. Give z(-8).
4
Let f(o) = 2*o**3 + o**2 - 40*o - 42. What is f(-1)?
-3
Let z(x) = 2*x + 8. What is z(0)?
8
Let b(y) = -6*y + 4. Calculate b(2).
-8
Let w(t) = t**3 - 76*t**2 + 75*t - 2. What is w(75)?
-2
Let k(w) = -w**2 + 18*w + 168. What is k(25)?
-7
Let b(v) = -v**2 - 14*v - 25. Determine b(-13).
-12
Let v(m) = m**3 - 11*m**2 + m - 16. Calculate v(11).
-5
Let g(u) = 14*u - 11. What is g(-5)?
-81
Let k(r) = -r**2 - 2*r + 5. Calculate k(-4).
-3
Let x(n) = -n**2 - 5*n - 5. Calculate x(-5).
-5
Let p(t) = -20*t**2 + 83*t - 21. Give p(4).
-9
Let m(y) = y**2 + 2*y - 10. Determine m(3).
5
Let m(r) = -3*r + 20. What is m(14)?
-22
Let a(p) = -p**2 + 17*p - 17. Determine a(7).
53
Let g(k) = -2*k**3 - 11*k**2 - 19*k. Give g(-2).
10
Let r(m) = -5*m - 7. Calculate r(3).
-22
Let n(p) = -p**3 + 3*p**2 - 2*p + 13. What is n(0)?
13
Let r(l) = -l**2 - 12*l - 62. What is r(-9)?
-35
Let u(c) = -2*c**2 + 10. Determine u(-4).
-22
Let c(a) = -8*a**2 + 4*a + 2. Calculate c(-1).
-10
Let s(g) = -g**2 - 9*g + 6. Determine s(-8).
14
Let t(r) = r**3 - 6*r**2 + 2*r + 9. What is t(5)?
-6
Let s(n) = 2*n**2 + 68*n + 2. What is s(-34)?
2
Let k(q) = 72*q**2 + q - 2. What is k(1)?
71
Let k(y) = 10*y - 7. Give k(4).
33
Let f(s) = 4*s**2 + 17*s + 11. Calculate f(-3).
-4
Let g(f) = 2*f**3 + 2*f**2 + f - 2. Give g(1).
3
Let c(d) = d**3 + 10*d**2 + 11*d + 25. Determine c(-9).
7
Let m(v) = -v**3 + v**2 + 2*v - 5. Calculate m(-2).
3
Let d(l) = l**2 + 19*l + 6. Calculate d(-19).
6
Let c(j) = -j**2 - 17*j - 15. Give c(-15).
15
Let l(r) = -r**3 + 6*r**2 + 27*r - 4. Give l(9).
-4
Let b(r) = -2*r**3 + 35*r**2 - 15*r + 6. Determine b(17).
40
Let a(h) = -h**3 - 7*h**2 - 6*h - 8. Give a(-6).
-8
Let n(p) = 17*p**3 - 2*p**2 + 3*p - 4. What is n(2)?
130
Let i(g) = -g**3 - 7*g**2 + 14*g - 34. Calculate i(-9).
2
Let b(z) = z**3 - 41*z**2 + 82*z - 144. What is b(39)?
12
Let z(s) = s**2 + 3*s + 5. What is z(-5)?
15
Let t(f) = -3*f**2 - 19*f + 50. What is t(4)?
-74
Let l(r) = -3*r - 4. What is l(4)?
-16
Let c(w) = 2*w**2 + 203*w - 408. What is c(2)?
6
Let k(m) = m**3 + 6*m**2 - 8*m - 9. Determine k(-6).
39
Let k(h) = h**3 + 9*h**2 - 13*h - 8. What is k(-10)?
22
Let j(i) = -i**3 + 10*i**2 + 10*i + 11. Determine j(11).
0
Let x(v) = 3*v**2 - 21*v - 8. Calculate x(9).
46
Let u(i) = 5*i + 9. What is u(0)?
9
Let g(c) = -2*c - 4. Give g(11).
-26
Let j(o) = o**2 + 20*o + 6. Determine j(-18).
-30
Let h(n) = n**3 + 7*n**2 - 1. Calculate h(-6).
35
Let p(v) = -v**3 + 5*v**2 + 15*v - 13. What is p(7)?
-6
Let q(y) = y + 2. What is q(3)?
5
Let i(t) = -7*t**3 + 36*t**2 - 4*t. Calculate i(5).
5
Let o(l) = -l**2 + 42*l - 269. Calculate o(8).
3
Let a(v) = 3*v**2 + 37*v + 67. What is a(-2)?
5
Let z(a) = a**3 - 11*a**2 + 12*a - 20. Calculate z(10).
0
Let o(g) = -g**3 - g**2 + 3*g - 4. What is o(-3)?
5
Let a(v) = v**3 - 4*v**2 - 4*v + 3. Calculate a(4).
-13
Let u(j) = -8*j + 93. Determine u(10).
13
Let c(d) = -d**3 + 22*d**2 - 18*d + 11. Determine c(21).
74
Let a(v) = -v**2 + 25*v + 65. What is a(29)?
-51
Let u(t) = -2*t**2 - 17*t - 9. Determine u(-9).
-18
Let h(b) = 3*b + 50. Give h(-17).
-1
Let l(h) = h**3 - 6*h**2 - 10*h - 11. Give l(8).
37
Let k(g) = -20*g + 1. Give k(-3).
61
Let t(u) = -u**2 - 2*u - 1. What is t(-3)?
-4
Let n(c) = c**3 - 5*c**2 + 16*c - 80. Calculate n(5).
0
Let d(p) = -2*p - 3. Give d(3).
-9
Let u(a) = -4*a - 16.